{"id":34,"date":"2018-09-10T14:14:53","date_gmt":"2018-09-10T14:14:53","guid":{"rendered":"http:\/\/demo.cocobasic.com\/seppo-wp\/?page_id=34"},"modified":"2025-11-11T10:09:40","modified_gmt":"2025-11-11T10:09:40","slug":"furrier-group","status":"publish","type":"page","link":"https:\/\/furrier-group.hr\/index.php\/furrier-group\/","title":{"rendered":"Po\u010detna"},"content":{"rendered":"\t\t<div data-elementor-type=\"wp-post\" data-elementor-id=\"34\" class=\"elementor elementor-34\">\n\t\t\t\t\t\t<section class=\"elementor-section elementor-top-section elementor-element elementor-element-52b93698 elementor-section-boxed elementor-section-height-default elementor-section-height-default\" data-id=\"52b93698\" data-element_type=\"section\">\n\t\t\t\t\t\t<div class=\"elementor-container elementor-column-gap-default\">\n\t\t\t\t\t<div class=\"elementor-column elementor-col-100 elementor-top-column elementor-element elementor-element-77ce34f9\" data-id=\"77ce34f9\" data-element_type=\"column\">\n\t\t\t<div class=\"elementor-widget-wrap elementor-element-populated\">\n\t\t\t\t\t\t<div class=\"elementor-element elementor-element-44cfb027 elementor-widget elementor-widget-heading\" data-id=\"44cfb027\" data-element_type=\"widget\" data-widget_type=\"heading.default\">\n\t\t\t\t<div class=\"elementor-widget-container\">\n\t\t\t\t\t<h1 class=\"elementor-heading-title elementor-size-default\">Furrier Group - Inovativni Partner u Gra\u0111evinskoj Industriji<\/h1>\t\t\t\t<\/div>\n\t\t\t\t<\/div>\n\t\t\t\t<div class=\"elementor-element elementor-element-54320a50 elementor-widget__width-initial elementor-widget elementor-widget-text-editor\" data-id=\"54320a50\" data-element_type=\"widget\" data-widget_type=\"text-editor.default\">\n\t\t\t\t<div class=\"elementor-widget-container\">\n\t\t\t\t\t\t\t\t\t<div dir=\"auto\"><p data-start=\"0\" data-end=\"458\">Mi smo multidisciplinarna tvrtka koja pru\u017ea sveobuhvatne usluge u gra\u0111evinskoj industriji. Osim projektiranja i arhitektonskih rje\u0161enja, specijalizirani smo za zastupanje renomiranih stranih tvrtki koje nude inovativne gra\u0111evinske materijale, strojeve, alate i tehnologije. Na\u0161a stru\u010dnost obuhva\u0107a i BIM (Building Information Modeling) tehnologiju, a kao predstavnici BIM softvera tvrtke ACCA Software iz Italije, omogu\u0107ujemo optimizaciju svih faza projekta.<\/p><p data-start=\"460\" data-end=\"802\" data-is-last-node=\"\" data-is-only-node=\"\">Nadalje, nudimo digitalna rje\u0161enja kao \u0161to su izrada web stranica, grafi\u010dki dizajn i marketin\u0161ke kampanje, pru\u017eaju\u0107i klijentima potpunu podr\u0161ku kroz svaki aspekt njihovih projekata. Zahvaljuju\u0107i na\u0161em fleksibilnom pristupu, inovativnim rje\u0161enjima i me\u0111unarodnim iskustvom, postali smo pouzdan partner na doma\u0107em i globalnom tr\u017ei\u0161tu gra\u0111evinskih usluga.<\/p><\/div>\t\t\t\t\t\t\t\t<\/div>\n\t\t\t\t<\/div>\n\t\t\t\t\t<\/div>\n\t\t<\/div>\n\t\t\t\t\t<\/div>\n\t\t<\/section>\n\t\t\t\t<section class=\"elementor-section elementor-top-section elementor-element elementor-element-27e593b7 elementor-section-stretched elementor-section-full_width elementor-section-height-default elementor-section-height-default\" data-id=\"27e593b7\" data-element_type=\"section\" data-settings=\"{&quot;stretch_section&quot;:&quot;section-stretched&quot;}\">\n\t\t\t\t\t\t<div class=\"elementor-container elementor-column-gap-no\">\n\t\t\t\t\t<div class=\"elementor-column elementor-col-100 elementor-top-column elementor-element elementor-element-6484bf7\" data-id=\"6484bf7\" data-element_type=\"column\">\n\t\t\t<div class=\"elementor-widget-wrap elementor-element-populated\">\n\t\t\t\t\t\t<div class=\"elementor-element elementor-element-5e0d49fb elementor-widget elementor-widget-shortcode\" data-id=\"5e0d49fb\" data-element_type=\"widget\" data-widget_type=\"shortcode.default\">\n\t\t\t\t<div class=\"elementor-widget-container\">\n\t\t\t\t\t\t\t<div class=\"elementor-shortcode\"><link href=\"https:\/\/fonts.googleapis.com\/css?family=Roboto:700\" rel=\"stylesheet\" property=\"stylesheet\" type=\"text\/css\" media=\"all\">\n<div id=\"rev_slider_1_1_wrapper\" class=\"rev_slider_wrapper fullscreen-container\" data-source=\"gallery\" style=\"background:transparent;padding:0px;\">\n<!-- START REVOLUTION SLIDER 5.4.8.3 fullscreen mode -->\n\t<div id=\"rev_slider_1_1\" class=\"rev_slider fullscreenbanner\" style=\"display:none;\" data-version=\"5.4.8.3\">\n<ul>\t<!-- SLIDE  -->\n\t<li data-index=\"rs-1\" data-transition=\"fade\" data-slotamount=\"default\" data-hideafterloop=\"0\" data-hideslideonmobile=\"off\"  data-easein=\"default\" data-easeout=\"default\" data-masterspeed=\"default\"  data-thumb=\"https:\/\/furrier-group.hr\/wp-content\/uploads\/2024\/08\/working-tall-cranes-inside-place-for-with-tall-bui-2023-11-27-05-24-43-utc-768x1160-100x50.jpg\"  data-rotate=\"0\"  data-saveperformance=\"off\"  data-title=\"Logo\" data-param1=\"\" data-param2=\"\" data-param3=\"\" data-param4=\"\" data-param5=\"\" data-param6=\"\" data-param7=\"\" data-param8=\"\" data-param9=\"\" data-param10=\"\" data-description=\"\">\n\t\t<!-- MAIN IMAGE -->\n\t\t<img fetchpriority=\"high\" decoding=\"async\" src=\"https:\/\/furrier-group.hr\/wp-content\/plugins\/revslider\/admin\/assets\/images\/dummy.png\"  alt=\"\" title=\"Building under construction with crane\"  width=\"768\" height=\"1160\" data-lazyload=\"https:\/\/furrier-group.hr\/wp-content\/uploads\/2024\/08\/working-tall-cranes-inside-place-for-with-tall-bui-2023-11-27-05-24-43-utc-768x1160.jpg\" data-bgposition=\"center center\" data-bgfit=\"cover\" data-bgrepeat=\"no-repeat\" data-bgparallax=\"2\" class=\"rev-slidebg\" data-no-retina>\n\t\t<!-- LAYERS -->\n\n\t\t<!-- LAYER NR. 1 -->\n\t\t<div class=\"tp-caption   tp-resizeme\" \n\t\t\t id=\"slide-1-layer-8\" \n\t\t\t data-x=\"['center','center','center','center']\" data-hoffset=\"['0','0','0','0']\" \n\t\t\t data-y=\"['middle','middle','middle','middle']\" data-voffset=\"['0','0','0','0']\" \n\t\t\t\t\t\tdata-width=\"none\"\n\t\t\tdata-height=\"none\"\n\t\t\tdata-whitespace=\"nowrap\"\n \n\t\t\tdata-type=\"image\" \n\t\t\tdata-responsive_offset=\"on\" \n\n\t\t\tdata-frames='[{\"delay\":0,\"speed\":300,\"frame\":\"0\",\"from\":\"opacity:0;\",\"to\":\"o:1;\",\"ease\":\"Power3.easeInOut\"},{\"delay\":\"wait\",\"speed\":300,\"frame\":\"999\",\"to\":\"opacity:0;\",\"ease\":\"Power3.easeInOut\"}]'\n\t\t\tdata-textAlign=\"['inherit','inherit','inherit','inherit']\"\n\t\t\tdata-paddingtop=\"[0,0,0,0]\"\n\t\t\tdata-paddingright=\"[0,0,0,0]\"\n\t\t\tdata-paddingbottom=\"[0,0,0,0]\"\n\t\t\tdata-paddingleft=\"[0,0,0,0]\"\n\n\t\t\tstyle=\"z-index: 6;\"><img decoding=\"async\" src=\"https:\/\/furrier-group.hr\/wp-content\/plugins\/revslider\/admin\/assets\/images\/dummy.png\" alt=\"\" data-ww=\"['296px','296px','296px','296px']\" data-hh=\"['345px','345px','345px','345px']\" width=\"296\" height=\"345\" data-lazyload=\"https:\/\/furrier-group.hr\/wp-content\/uploads\/2024\/09\/logo-white.png\" data-no-retina> <\/div>\n\t<\/li>\n<\/ul>\n<div style=\"\" class=\"tp-static-layers\">\n\n\t\t<!-- LAYER NR. 2 -->\n\t\t<div class=\"tp-caption   tp-static-layer\" \n\t\t\t id=\"slider-1-layer-60\" \n\t\t\t data-x=\"['center','center','center','center']\" data-hoffset=\"['430','430','430','430']\" \n\t\t\t data-y=\"['top','top','top','top']\" data-voffset=\"['-240','-240','-240','-240']\" \n\t\t\t\t\t\tdata-width=\"none\"\n\t\t\tdata-height=\"none\"\n\t\t\tdata-whitespace=\"nowrap\"\n\t\t\tdata-visibility=\"['on','on','off','off']\"\n \n\t\t\tdata-type=\"image\" \n\t\t\tdata-basealign=\"slide\" \n\t\t\tdata-responsive_offset=\"off\" \n\t\t\tdata-responsive=\"off\"\n\t\t\tdata-startslide=\"0\" \n\t\t\tdata-endslide=\"0\" \n\t\t\tdata-frames='[{\"delay\":100,\"speed\":1500,\"sfxcolor\":\"#ffffff\",\"sfx_effect\":\"blockfrombottom\",\"frame\":\"0\",\"from\":\"z:0;\",\"to\":\"o:1;\",\"ease\":\"Power4.easeInOut\"},{\"delay\":\"wait\",\"speed\":300,\"frame\":\"999\",\"to\":\"opacity:0;\",\"ease\":\"Power3.easeInOut\"}]'\n\t\t\tdata-textAlign=\"['inherit','inherit','inherit','inherit']\"\n\t\t\tdata-paddingtop=\"[0,0,0,0]\"\n\t\t\tdata-paddingright=\"[0,0,0,0]\"\n\t\t\tdata-paddingbottom=\"[0,0,0,0]\"\n\t\t\tdata-paddingleft=\"[0,0,0,0]\"\n\n\t\t\tstyle=\"z-index: 10;\"><img decoding=\"async\" src=\"https:\/\/furrier-group.hr\/wp-content\/plugins\/revslider\/admin\/assets\/images\/dummy.png\" alt=\"\" data-ww=\"['652px','652px','652px','652px']\" data-hh=\"['226px','226px','226px','226px']\" width=\"652\" height=\"226\" data-lazyload=\"https:\/\/furrier-group.hr\/wp-content\/uploads\/revslider\/cocobasic-meelo\/dots.png\" data-no-retina> <\/div>\n\n\t\t<!-- LAYER NR. 3 -->\n\t\t<a class=\"tp-caption rev-btn   slow-scroll tp-static-layer\" \n href=\"#contact\" target=\"_self\"\t\t\t id=\"slider-1-layer-62\" \n\t\t\t data-x=\"['center','center','right','center']\" data-hoffset=\"['378','378','0','0']\" \n\t\t\t data-y=\"['top','top','top','top']\" data-voffset=\"['-33','-33','-33','-33']\" \n\t\t\t\t\t\tdata-width=\"none\"\n\t\t\tdata-height=\"none\"\n\t\t\tdata-whitespace=\"nowrap\"\n\t\t\tdata-visibility=\"['on','on','off','off']\"\n \n\t\t\tdata-type=\"button\" \n\t\t\tdata-actions=''\n\t\t\tdata-basealign=\"slide\" \n\t\t\tdata-responsive_offset=\"off\" \n\t\t\tdata-responsive=\"off\"\n\t\t\tdata-startslide=\"0\" \n\t\t\tdata-endslide=\"0\" \n\t\t\tdata-frames='[{\"delay\":1150,\"speed\":1000,\"sfxcolor\":\"#ffffff\",\"sfx_effect\":\"blockfromleft\",\"frame\":\"0\",\"from\":\"z:0;\",\"to\":\"o:1;\",\"ease\":\"Power4.easeInOut\"},{\"delay\":\"wait\",\"speed\":300,\"frame\":\"999\",\"to\":\"opacity:0;\",\"ease\":\"Power3.easeInOut\"},{\"frame\":\"hover\",\"speed\":\"300\",\"ease\":\"Linear.easeNone\",\"to\":\"o:1;rX:0;rY:0;rZ:0;z:0;\",\"style\":\"c:rgb(220,96,65);bg:rgb(255,255,255);\"}]'\n\t\t\tdata-textAlign=\"['inherit','inherit','inherit','inherit']\"\n\t\t\tdata-paddingtop=\"[27,27,27,27]\"\n\t\t\tdata-paddingright=\"[40,40,40,40]\"\n\t\t\tdata-paddingbottom=\"[27,27,27,27]\"\n\t\t\tdata-paddingleft=\"[40,40,40,40]\"\n\n\t\t\tstyle=\"z-index: 11; white-space: nowrap; font-size: 14px; line-height: 14px; font-weight: 700; color: rgba(255,255,255,1); letter-spacing: 2px;font-family:Roboto;background-color:rgb(220,96,65);border-color:rgb(220,96,65);border-style:solid;border-width:2px 2px 2px 2px;outline:none;box-shadow:none;box-sizing:border-box;-moz-box-sizing:border-box;-webkit-box-sizing:border-box;cursor:pointer;text-decoration: none;\">CONTACT US <\/a>\n<\/div>\n<script>var htmlDiv = document.getElementById(\"rs-plugin-settings-inline-css\"); var htmlDivCss=\"\";\r\n\t\t\t\t\t\tif(htmlDiv) {\r\n\t\t\t\t\t\t\thtmlDiv.innerHTML = htmlDiv.innerHTML + htmlDivCss;\r\n\t\t\t\t\t\t}else{\r\n\t\t\t\t\t\t\tvar htmlDiv = document.createElement(\"div\");\r\n\t\t\t\t\t\t\thtmlDiv.innerHTML = \"<style>\" + htmlDivCss + \"<\/style>\";\r\n\t\t\t\t\t\t\tdocument.getElementsByTagName(\"head\")[0].appendChild(htmlDiv.childNodes[0]);\r\n\t\t\t\t\t\t}\r\n\t\t\t\t\t<\/script>\n<div class=\"tp-bannertimer tp-bottom\" style=\"visibility: hidden !important;\"><\/div>\t<\/div>\n<script>var htmlDiv = document.getElementById(\"rs-plugin-settings-inline-css\"); var htmlDivCss=\"\";\r\n\t\t\t\tif(htmlDiv) {\r\n\t\t\t\t\thtmlDiv.innerHTML = htmlDiv.innerHTML + htmlDivCss;\r\n\t\t\t\t}else{\r\n\t\t\t\t\tvar htmlDiv = document.createElement(\"div\");\r\n\t\t\t\t\thtmlDiv.innerHTML = \"<style>\" + htmlDivCss + \"<\/style>\";\r\n\t\t\t\t\tdocument.getElementsByTagName(\"head\")[0].appendChild(htmlDiv.childNodes[0]);\r\n\t\t\t\t}\r\n\t\t\t<\/script>\n\t\t<script type=\"text\/javascript\">\r\nif (setREVStartSize!==undefined) setREVStartSize(\r\n\t{c: '#rev_slider_1_1', responsiveLevels: [1240,1024,778,480], gridwidth: [1240,1024,778,480], gridheight: [868,768,960,720], sliderLayout: 'fullscreen', fullScreenAutoWidth:'off', fullScreenAlignForce:'off', fullScreenOffsetContainer:'', fullScreenOffset:''});\r\n\t\t\t\r\nvar revapi1,\r\n\ttpj;\t\r\n(function() {\t\t\t\r\n\tif (!\/loaded|interactive|complete\/.test(document.readyState)) document.addEventListener(\"DOMContentLoaded\",onLoad); else onLoad();\t\r\n\tfunction onLoad() {\t\t\t\t\r\n\t\tif (tpj===undefined) { tpj = jQuery; if(\"off\" == \"on\") tpj.noConflict();}\r\n\tif(tpj(\"#rev_slider_1_1\").revolution == undefined){\n\t\trevslider_showDoubleJqueryError(\"#rev_slider_1_1\");\n\t}else{\n\t\trevapi1 = tpj(\"#rev_slider_1_1\").show().revolution({\n\t\t\tsliderType:\"standard\",\n\t\t\tjsFileLocation:\"\/\/furrier-group.hr\/wp-content\/plugins\/revslider\/public\/assets\/js\/\",\n\t\t\tsliderLayout:\"fullscreen\",\n\t\t\tdottedOverlay:\"none\",\n\t\t\tdelay:9000,\n\t\t\tnavigation: {\n\t\t\t\tkeyboardNavigation:\"off\",\n\t\t\t\tkeyboard_direction: \"horizontal\",\n\t\t\t\tmouseScrollNavigation:\"off\",\n \t\t\t\t\t\t\tmouseScrollReverse:\"default\",\n\t\t\t\tonHoverStop:\"off\",\n\t\t\t\tbullets: {\n\t\t\t\t\tenable:true,\n\t\t\t\t\thide_onmobile:false,\n\t\t\t\t\tstyle:\"hermes\",\n\t\t\t\t\thide_onleave:false,\n\t\t\t\t\tdirection:\"vertical\",\n\t\t\t\t\th_align:\"right\",\n\t\t\t\t\tv_align:\"center\",\n\t\t\t\t\th_offset:50,\n\t\t\t\t\tv_offset:0,\n\t\t\t\t\tspace:5,\n\t\t\t\t\ttmp:''\n\t\t\t\t}\n\t\t\t},\n\t\t\tresponsiveLevels:[1240,1024,778,480],\n\t\t\tvisibilityLevels:[1240,1024,778,480],\n\t\t\tgridwidth:[1240,1024,778,480],\n\t\t\tgridheight:[868,768,960,720],\n\t\t\tlazyType:\"smart\",\n\t\t\tparallax: {\n\t\t\t\ttype:\"scroll\",\n\t\t\t\torigo:\"slidercenter\",\n\t\t\t\tspeed:400,\n\t\t\t\tspeedbg:0,\n\t\t\t\tspeedls:0,\n\t\t\t\tlevels:[5,10,15,20,25,30,35,40,45,46,47,48,49,50,51,55],\n\t\t\t},\n\t\t\tshadow:0,\n\t\t\tspinner:\"off\",\n\t\t\tstopLoop:\"on\",\n\t\t\tstopAfterLoops:0,\n\t\t\tstopAtSlide:1,\n\t\t\tshuffle:\"off\",\n\t\t\tautoHeight:\"off\",\n\t\t\tfullScreenAutoWidth:\"off\",\n\t\t\tfullScreenAlignForce:\"off\",\n\t\t\tfullScreenOffsetContainer: \"\",\n\t\t\tfullScreenOffset: \"\",\n\t\t\tdisableProgressBar:\"on\",\n\t\t\thideThumbsOnMobile:\"off\",\n\t\t\thideSliderAtLimit:0,\n\t\t\thideCaptionAtLimit:0,\n\t\t\thideAllCaptionAtLilmit:0,\n\t\t\tdebugMode:false,\n\t\t\tfallbacks: {\n\t\t\t\tsimplifyAll:\"off\",\n\t\t\t\tnextSlideOnWindowFocus:\"off\",\n\t\t\t\tdisableFocusListener:false,\n\t\t\t}\n\t\t});\n\t}; \/* END OF revapi call *\/\n\t\n }; \/* END OF ON LOAD FUNCTION *\/\r\n}()); \/* END OF WRAPPING FUNCTION *\/\r\n<\/script>\r\n\t\t<script>\r\n\t\t\t\t\tvar htmlDivCss = unescape(\"%40media%20only%20screen%20and%20%28max-width%3A%20600px%29%20%20%7B%0A.hermes.tp-bullets%20%7B%0A%20%20%20%20bottom%3A%2035px%20%21important%3B%0A%20%20%20%20top%3A%20auto%20%21important%3B%0A%20%20%20%20left%3A%2050%25%20%21important%3B%0A%20%20%20%20transform%3A%20translateX%28-50%25%29%20%21important%3B%0A%20%20%20%20width%3A%20auto%20%21important%3B%0A%20%20%20%20height%3A%20auto%20%21important%3B%0A%7D%0A%0A.hermes.tp-bullets%20%3E%20div%20%7B%0A%20%20%20%20position%3A%20relative%20%21important%3B%0A%20%20%20%20display%3A%20inline-block%3B%0A%20%20%20%20top%3A%200%20%21important%3B%0A%20%20%20%20left%3A%20auto%20%21important%3B%0A%20%20%20%20margin%3A%200%205px%3B%0A%7D%0A%7D\");\r\n\t\t\t\t\tvar htmlDiv = document.getElementById('rs-plugin-settings-inline-css');\r\n\t\t\t\t\tif(htmlDiv) {\r\n\t\t\t\t\t\thtmlDiv.innerHTML = htmlDiv.innerHTML + htmlDivCss;\r\n\t\t\t\t\t}\r\n\t\t\t\t\telse{\r\n\t\t\t\t\t\tvar htmlDiv = document.createElement('div');\r\n\t\t\t\t\t\thtmlDiv.innerHTML = '<style>' + htmlDivCss + '<\/style>';\r\n\t\t\t\t\t\tdocument.getElementsByTagName('head')[0].appendChild(htmlDiv.childNodes[0]);\r\n\t\t\t\t\t}\r\n\t\t\t\t  <\/script><script>\r\n\t\t\t\t\tvar htmlDivCss = unescape(\".hermes.tp-bullets%20%7B%0A%7D%0A%0A.hermes%20.tp-bullet%20%7B%0A%20%20%20%20overflow%3Ahidden%3B%0A%20%20%20%20border-radius%3A50%25%3B%0A%20%20%20%20width%3A16px%3B%0A%20%20%20%20height%3A16px%3B%0A%20%20%20%20background-color%3A%20rgba%280%2C%200%2C%200%2C%200%29%3B%0A%20%20%20%20box-shadow%3A%20inset%200%200%200%202px%20rgb%28255%2C%20255%2C%20255%29%3B%0A%20%20%20%20-webkit-transition%3A%20background%200.3s%20ease%3B%0A%20%20%20%20transition%3A%20background%200.3s%20ease%3B%0A%20%20%20%20position%3Aabsolute%3B%0A%7D%0A%0A.hermes%20.tp-bullet%3Ahover%20%7B%0A%09%20%20background-color%3A%20rgba%280%2C0%2C0%2C0.21%29%3B%0A%7D%0A.hermes%20.tp-bullet%3Aafter%20%7B%0A%20%20content%3A%20%27%20%27%3B%0A%20%20position%3A%20absolute%3B%0A%20%20bottom%3A%200%3B%0A%20%20height%3A%200%3B%0A%20%20left%3A%200%3B%0A%20%20width%3A%20100%25%3B%0A%20%20background-color%3A%20rgb%28255%2C%20255%2C%20255%29%3B%0A%20%20box-shadow%3A%200%200%201px%20rgb%28255%2C%20255%2C%20255%29%3B%0A%20%20-webkit-transition%3A%20height%200.3s%20ease%3B%0A%20%20transition%3A%20height%200.3s%20ease%3B%0A%7D%0A.hermes%20.tp-bullet.selected%3Aafter%20%7B%0A%20%20height%3A100%25%3B%0A%7D%0A%0A\");\r\n\t\t\t\t\tvar htmlDiv = document.getElementById('rs-plugin-settings-inline-css');\r\n\t\t\t\t\tif(htmlDiv) {\r\n\t\t\t\t\t\thtmlDiv.innerHTML = htmlDiv.innerHTML + htmlDivCss;\r\n\t\t\t\t\t}\r\n\t\t\t\t\telse{\r\n\t\t\t\t\t\tvar htmlDiv = document.createElement('div');\r\n\t\t\t\t\t\thtmlDiv.innerHTML = '<style>' + htmlDivCss + '<\/style>';\r\n\t\t\t\t\t\tdocument.getElementsByTagName('head')[0].appendChild(htmlDiv.childNodes[0]);\r\n\t\t\t\t\t}\r\n\t\t\t\t  <\/script>\r\n\t\t\t\t<\/div><!-- END REVOLUTION SLIDER --><\/div>\n\t\t\t\t\t\t<\/div>\n\t\t\t\t<\/div>\n\t\t\t\t\t<\/div>\n\t\t<\/div>\n\t\t\t\t\t<\/div>\n\t\t<\/section>\n\t\t\t\t<\/div>\n\t\t","protected":false},"excerpt":{"rendered":"<p>Furrier Group &#8211; Inovativni Partner u Gra\u0111evinskoj Industriji Mi smo multidisciplinarna tvrtka koja pru\u017ea sveobuhvatne usluge u gra\u0111evinskoj industriji. Osim projektiranja i arhitektonskih rje\u0161enja, specijalizirani smo za &#8230;<\/p>\n","protected":false},"author":1,"featured_media":0,"parent":0,"menu_order":1,"comment_status":"closed","ping_status":"closed","template":"","meta":{"footnotes":""},"class_list":["post-34","page","type-page","status-publish","hentry"],"yoast_head":"<!-- This site is optimized with the Yoast SEO plugin v26.3 - https:\/\/yoast.com\/wordpress\/plugins\/seo\/ -->\n<title>Furrier Group<\/title>\n<meta name=\"description\" content=\"Inovativni partner u gra\u0111evinskoj industriji. Pru\u017eamo projektiranje, BIM tehnologiju, gra\u0111evinske alate i digitalna rje\u0161enja za moderne projekte.\" \/>\n<meta name=\"robots\" content=\"index, follow, max-snippet:-1, max-image-preview:large, max-video-preview:-1\" \/>\n<link rel=\"canonical\" href=\"https:\/\/furrier-group.hr\/index.php\/furrier-group\/\" \/>\n<meta property=\"og:locale\" content=\"hr_HR\" \/>\n<meta property=\"og:type\" content=\"article\" \/>\n<meta property=\"og:title\" content=\"Furrier Group\" \/>\n<meta property=\"og:description\" content=\"Inovativni partner u gra\u0111evinskoj industriji. Pru\u017eamo projektiranje, BIM tehnologiju, gra\u0111evinske alate i digitalna rje\u0161enja za moderne projekte.\" \/>\n<meta property=\"og:url\" content=\"https:\/\/furrier-group.hr\/index.php\/furrier-group\/\" \/>\n<meta property=\"og:site_name\" content=\"Furrier Group\" \/>\n<meta property=\"article:modified_time\" content=\"2025-11-11T10:09:40+00:00\" \/>\n<meta name=\"twitter:card\" content=\"summary_large_image\" \/>\n<meta name=\"twitter:label1\" content=\"Procijenjeno vrijeme \u010ditanja\" \/>\n\t<meta name=\"twitter:data1\" content=\"1 minuta\" \/>\n<script type=\"application\/ld+json\" class=\"yoast-schema-graph\">{\"@context\":\"https:\/\/schema.org\",\"@graph\":[{\"@type\":\"WebPage\",\"@id\":\"https:\/\/furrier-group.hr\/index.php\/furrier-group\/\",\"url\":\"https:\/\/furrier-group.hr\/index.php\/furrier-group\/\",\"name\":\"Furrier Group\",\"isPartOf\":{\"@id\":\"https:\/\/furrier-group.hr\/#website\"},\"datePublished\":\"2018-09-10T14:14:53+00:00\",\"dateModified\":\"2025-11-11T10:09:40+00:00\",\"description\":\"Inovativni partner u gra\u0111evinskoj industriji. Pru\u017eamo projektiranje, BIM tehnologiju, gra\u0111evinske alate i digitalna rje\u0161enja za moderne projekte.\",\"breadcrumb\":{\"@id\":\"https:\/\/furrier-group.hr\/index.php\/furrier-group\/#breadcrumb\"},\"inLanguage\":\"hr\",\"potentialAction\":[{\"@type\":\"ReadAction\",\"target\":[\"https:\/\/furrier-group.hr\/index.php\/furrier-group\/\"]}]},{\"@type\":\"BreadcrumbList\",\"@id\":\"https:\/\/furrier-group.hr\/index.php\/furrier-group\/#breadcrumb\",\"itemListElement\":[{\"@type\":\"ListItem\",\"position\":1,\"name\":\"Home\",\"item\":\"https:\/\/furrier-group.hr\/\"},{\"@type\":\"ListItem\",\"position\":2,\"name\":\"Po\u010detna\"}]},{\"@type\":\"WebSite\",\"@id\":\"https:\/\/furrier-group.hr\/#website\",\"url\":\"https:\/\/furrier-group.hr\/\",\"name\":\"Furrier Group\",\"description\":\"\",\"potentialAction\":[{\"@type\":\"SearchAction\",\"target\":{\"@type\":\"EntryPoint\",\"urlTemplate\":\"https:\/\/furrier-group.hr\/?s={search_term_string}\"},\"query-input\":{\"@type\":\"PropertyValueSpecification\",\"valueRequired\":true,\"valueName\":\"search_term_string\"}}],\"inLanguage\":\"hr\"}]}<\/script>\n<!-- \/ Yoast SEO plugin. -->","yoast_head_json":{"title":"Furrier Group","description":"Inovativni partner u gra\u0111evinskoj industriji. Pru\u017eamo projektiranje, BIM tehnologiju, gra\u0111evinske alate i digitalna rje\u0161enja za moderne projekte.","robots":{"index":"index","follow":"follow","max-snippet":"max-snippet:-1","max-image-preview":"max-image-preview:large","max-video-preview":"max-video-preview:-1"},"canonical":"https:\/\/furrier-group.hr\/index.php\/furrier-group\/","og_locale":"hr_HR","og_type":"article","og_title":"Furrier Group","og_description":"Inovativni partner u gra\u0111evinskoj industriji. Pru\u017eamo projektiranje, BIM tehnologiju, gra\u0111evinske alate i digitalna rje\u0161enja za moderne projekte.","og_url":"https:\/\/furrier-group.hr\/index.php\/furrier-group\/","og_site_name":"Furrier Group","article_modified_time":"2025-11-11T10:09:40+00:00","twitter_card":"summary_large_image","twitter_misc":{"Procijenjeno vrijeme \u010ditanja":"1 minuta"},"schema":{"@context":"https:\/\/schema.org","@graph":[{"@type":"WebPage","@id":"https:\/\/furrier-group.hr\/index.php\/furrier-group\/","url":"https:\/\/furrier-group.hr\/index.php\/furrier-group\/","name":"Furrier Group","isPartOf":{"@id":"https:\/\/furrier-group.hr\/#website"},"datePublished":"2018-09-10T14:14:53+00:00","dateModified":"2025-11-11T10:09:40+00:00","description":"Inovativni partner u gra\u0111evinskoj industriji. Pru\u017eamo projektiranje, BIM tehnologiju, gra\u0111evinske alate i digitalna rje\u0161enja za moderne projekte.","breadcrumb":{"@id":"https:\/\/furrier-group.hr\/index.php\/furrier-group\/#breadcrumb"},"inLanguage":"hr","potentialAction":[{"@type":"ReadAction","target":["https:\/\/furrier-group.hr\/index.php\/furrier-group\/"]}]},{"@type":"BreadcrumbList","@id":"https:\/\/furrier-group.hr\/index.php\/furrier-group\/#breadcrumb","itemListElement":[{"@type":"ListItem","position":1,"name":"Home","item":"https:\/\/furrier-group.hr\/"},{"@type":"ListItem","position":2,"name":"Po\u010detna"}]},{"@type":"WebSite","@id":"https:\/\/furrier-group.hr\/#website","url":"https:\/\/furrier-group.hr\/","name":"Furrier Group","description":"","potentialAction":[{"@type":"SearchAction","target":{"@type":"EntryPoint","urlTemplate":"https:\/\/furrier-group.hr\/?s={search_term_string}"},"query-input":{"@type":"PropertyValueSpecification","valueRequired":true,"valueName":"search_term_string"}}],"inLanguage":"hr"}]}},"_links":{"self":[{"href":"https:\/\/furrier-group.hr\/index.php\/wp-json\/wp\/v2\/pages\/34","targetHints":{"allow":["GET"]}}],"collection":[{"href":"https:\/\/furrier-group.hr\/index.php\/wp-json\/wp\/v2\/pages"}],"about":[{"href":"https:\/\/furrier-group.hr\/index.php\/wp-json\/wp\/v2\/types\/page"}],"author":[{"embeddable":true,"href":"https:\/\/furrier-group.hr\/index.php\/wp-json\/wp\/v2\/users\/1"}],"replies":[{"embeddable":true,"href":"https:\/\/furrier-group.hr\/index.php\/wp-json\/wp\/v2\/comments?post=34"}],"version-history":[{"count":38,"href":"https:\/\/furrier-group.hr\/index.php\/wp-json\/wp\/v2\/pages\/34\/revisions"}],"predecessor-version":[{"id":1410,"href":"https:\/\/furrier-group.hr\/index.php\/wp-json\/wp\/v2\/pages\/34\/revisions\/1410"}],"wp:attachment":[{"href":"https:\/\/furrier-group.hr\/index.php\/wp-json\/wp\/v2\/media?parent=34"}],"curies":[{"name":"wp","href":"https:\/\/api.w.org\/{rel}","templated":true}]}}