{"id":32,"date":"2018-09-10T14:14:35","date_gmt":"2018-09-10T14:14:35","guid":{"rendered":"http:\/\/demo.cocobasic.com\/seppo-wp\/?page_id=32"},"modified":"2025-11-11T10:43:56","modified_gmt":"2025-11-11T10:43:56","slug":"onepage","status":"publish","type":"page","link":"https:\/\/furrier-group.hr\/","title":{"rendered":"Furrier Group d.o.o."},"content":{"rendered":"","protected":false},"excerpt":{"rendered":"","protected":false},"author":1,"featured_media":0,"parent":0,"menu_order":0,"comment_status":"closed","ping_status":"closed","template":"onepage.php","meta":{"footnotes":""},"class_list":["post-32","page","type-page","status-publish","hentry"],"yoast_head":"<!-- This site is optimized with the Yoast SEO plugin v26.3 - https:\/\/yoast.com\/wordpress\/plugins\/seo\/ -->\n<title>Furrier Group<\/title>\n<meta name=\"description\" content=\"Furrier Group nudi sveobuhvatna rje\u0161enja u arhitekturi, in\u017eenjerstvu i gra\u0111evinarstvu. Specijalizirani smo za BIM tehnologiju, projektiranje, gra\u0111evinske materijale te digitalna rje\u0161enja i web dizajn za uspje\u0161ne projekte.\" \/>\n<meta name=\"robots\" content=\"index, follow, max-snippet:-1, max-image-preview:large, max-video-preview:-1\" \/>\n<link rel=\"canonical\" href=\"https:\/\/furrier-group.hr\/\" \/>\n<meta property=\"og:locale\" content=\"hr_HR\" \/>\n<meta property=\"og:type\" content=\"article\" \/>\n<meta property=\"og:title\" content=\"Furrier Group\" \/>\n<meta property=\"og:description\" content=\"Furrier Group nudi sveobuhvatna rje\u0161enja u arhitekturi, in\u017eenjerstvu i gra\u0111evinarstvu. Specijalizirani smo za BIM tehnologiju, projektiranje, gra\u0111evinske materijale te digitalna rje\u0161enja i web dizajn za uspje\u0161ne projekte.\" \/>\n<meta property=\"og:url\" content=\"https:\/\/furrier-group.hr\/\" \/>\n<meta property=\"og:site_name\" content=\"Furrier Group\" \/>\n<meta property=\"article:modified_time\" content=\"2025-11-11T10:43:56+00:00\" \/>\n<meta name=\"twitter:card\" content=\"summary_large_image\" \/>\n<script type=\"application\/ld+json\" class=\"yoast-schema-graph\">{\"@context\":\"https:\/\/schema.org\",\"@graph\":[{\"@type\":\"WebPage\",\"@id\":\"https:\/\/furrier-group.hr\/\",\"url\":\"https:\/\/furrier-group.hr\/\",\"name\":\"Furrier Group\",\"isPartOf\":{\"@id\":\"https:\/\/furrier-group.hr\/#website\"},\"datePublished\":\"2018-09-10T14:14:35+00:00\",\"dateModified\":\"2025-11-11T10:43:56+00:00\",\"description\":\"Furrier Group nudi sveobuhvatna rje\u0161enja u arhitekturi, in\u017eenjerstvu i gra\u0111evinarstvu. Specijalizirani smo za BIM tehnologiju, projektiranje, gra\u0111evinske materijale te digitalna rje\u0161enja i web dizajn za uspje\u0161ne projekte.\",\"breadcrumb\":{\"@id\":\"https:\/\/furrier-group.hr\/#breadcrumb\"},\"inLanguage\":\"hr\",\"potentialAction\":[{\"@type\":\"ReadAction\",\"target\":[\"https:\/\/furrier-group.hr\/\"]}]},{\"@type\":\"BreadcrumbList\",\"@id\":\"https:\/\/furrier-group.hr\/#breadcrumb\",\"itemListElement\":[{\"@type\":\"ListItem\",\"position\":1,\"name\":\"Home\",\"item\":\"https:\/\/furrier-group.hr\/\"},{\"@type\":\"ListItem\",\"position\":2,\"name\":\"Furrier Group d.o.o.\"}]},{\"@type\":\"WebSite\",\"@id\":\"https:\/\/furrier-group.hr\/#website\",\"url\":\"https:\/\/furrier-group.hr\/\",\"name\":\"Furrier Group\",\"description\":\"\",\"potentialAction\":[{\"@type\":\"SearchAction\",\"target\":{\"@type\":\"EntryPoint\",\"urlTemplate\":\"https:\/\/furrier-group.hr\/?s={search_term_string}\"},\"query-input\":{\"@type\":\"PropertyValueSpecification\",\"valueRequired\":true,\"valueName\":\"search_term_string\"}}],\"inLanguage\":\"hr\"}]}<\/script>\n<!-- \/ Yoast SEO plugin. -->","yoast_head_json":{"title":"Furrier Group","description":"Furrier Group nudi sveobuhvatna rje\u0161enja u arhitekturi, in\u017eenjerstvu i gra\u0111evinarstvu. Specijalizirani smo za BIM tehnologiju, projektiranje, gra\u0111evinske materijale te digitalna rje\u0161enja i web dizajn za uspje\u0161ne projekte.","robots":{"index":"index","follow":"follow","max-snippet":"max-snippet:-1","max-image-preview":"max-image-preview:large","max-video-preview":"max-video-preview:-1"},"canonical":"https:\/\/furrier-group.hr\/","og_locale":"hr_HR","og_type":"article","og_title":"Furrier Group","og_description":"Furrier Group nudi sveobuhvatna rje\u0161enja u arhitekturi, in\u017eenjerstvu i gra\u0111evinarstvu. Specijalizirani smo za BIM tehnologiju, projektiranje, gra\u0111evinske materijale te digitalna rje\u0161enja i web dizajn za uspje\u0161ne projekte.","og_url":"https:\/\/furrier-group.hr\/","og_site_name":"Furrier Group","article_modified_time":"2025-11-11T10:43:56+00:00","twitter_card":"summary_large_image","schema":{"@context":"https:\/\/schema.org","@graph":[{"@type":"WebPage","@id":"https:\/\/furrier-group.hr\/","url":"https:\/\/furrier-group.hr\/","name":"Furrier Group","isPartOf":{"@id":"https:\/\/furrier-group.hr\/#website"},"datePublished":"2018-09-10T14:14:35+00:00","dateModified":"2025-11-11T10:43:56+00:00","description":"Furrier Group nudi sveobuhvatna rje\u0161enja u arhitekturi, in\u017eenjerstvu i gra\u0111evinarstvu. Specijalizirani smo za BIM tehnologiju, projektiranje, gra\u0111evinske materijale te digitalna rje\u0161enja i web dizajn za uspje\u0161ne projekte.","breadcrumb":{"@id":"https:\/\/furrier-group.hr\/#breadcrumb"},"inLanguage":"hr","potentialAction":[{"@type":"ReadAction","target":["https:\/\/furrier-group.hr\/"]}]},{"@type":"BreadcrumbList","@id":"https:\/\/furrier-group.hr\/#breadcrumb","itemListElement":[{"@type":"ListItem","position":1,"name":"Home","item":"https:\/\/furrier-group.hr\/"},{"@type":"ListItem","position":2,"name":"Furrier Group d.o.o."}]},{"@type":"WebSite","@id":"https:\/\/furrier-group.hr\/#website","url":"https:\/\/furrier-group.hr\/","name":"Furrier Group","description":"","potentialAction":[{"@type":"SearchAction","target":{"@type":"EntryPoint","urlTemplate":"https:\/\/furrier-group.hr\/?s={search_term_string}"},"query-input":{"@type":"PropertyValueSpecification","valueRequired":true,"valueName":"search_term_string"}}],"inLanguage":"hr"}]}},"_links":{"self":[{"href":"https:\/\/furrier-group.hr\/index.php\/wp-json\/wp\/v2\/pages\/32","targetHints":{"allow":["GET"]}}],"collection":[{"href":"https:\/\/furrier-group.hr\/index.php\/wp-json\/wp\/v2\/pages"}],"about":[{"href":"https:\/\/furrier-group.hr\/index.php\/wp-json\/wp\/v2\/types\/page"}],"author":[{"embeddable":true,"href":"https:\/\/furrier-group.hr\/index.php\/wp-json\/wp\/v2\/users\/1"}],"replies":[{"embeddable":true,"href":"https:\/\/furrier-group.hr\/index.php\/wp-json\/wp\/v2\/comments?post=32"}],"version-history":[{"count":3,"href":"https:\/\/furrier-group.hr\/index.php\/wp-json\/wp\/v2\/pages\/32\/revisions"}],"predecessor-version":[{"id":1501,"href":"https:\/\/furrier-group.hr\/index.php\/wp-json\/wp\/v2\/pages\/32\/revisions\/1501"}],"wp:attachment":[{"href":"https:\/\/furrier-group.hr\/index.php\/wp-json\/wp\/v2\/media?parent=32"}],"curies":[{"name":"wp","href":"https:\/\/api.w.org\/{rel}","templated":true}]}}